{"id":7899,"date":"2021-05-03T13:46:46","date_gmt":"2021-05-03T11:46:46","guid":{"rendered":"http:\/\/blog.pfadfinder-kuppenheim.de\/?page_id=7899"},"modified":"2023-02-18T11:27:58","modified_gmt":"2023-02-18T10:27:58","slug":"sonstiges","status":"publish","type":"page","link":"https:\/\/pfadfinder-kuppenheim.de\/?page_id=7899","title":{"rendered":"Weiterbildung und Zertifizierungen"},"content":{"rendered":"\n<h4 class=\"has-cyan-bluish-gray-background-color has-background wp-block-heading\">Stammesinterne Weiterbildung<\/h4>\n\n\n\n<p>Neue Gruppenleiter*innen werden bei ihrem Einstieg durch den Vorstand und die jeweiligen Leitungsteams unterst\u00fctzt und eng begleitet. Die Leiterrunde trifft sich monatlich zum Austausch, zur Reflexion der aktuellen Aktionen, sowie zur Abstimmung und Aufgabenverteilung. Zudem wird das j\u00e4hrliche Leiterwochenende zur Weiterbildung durch interne und externe Referenten genutzt. Leiter*innen sind in der Regel mindestens 18 Jahre alt. <\/p>\n\n\n\n<p>Auf Schulungen und Sensibilisierung zum Thema &#8222;sexualisierte Gewalt&#8220; wird besonderen Wert gelegt. <\/p>\n\n\n\n<h4 class=\"has-cyan-bluish-gray-background-color has-background wp-block-heading\">Die Woodbadge Ausbildung der DPSG<\/h4>\n\n\n\n<div class=\"wp-block-columns is-layout-flex wp-container-core-columns-is-layout-9d6595d7 wp-block-columns-is-layout-flex\">\n<div class=\"wp-block-column is-layout-flow wp-block-column-is-layout-flow\" style=\"flex-basis:15%\"><div class=\"wp-block-image\">\n<figure class=\"alignleft size-full is-resized\"><img data-recalc-dims=\"1\" loading=\"lazy\" decoding=\"async\" src=\"https:\/\/i0.wp.com\/pfadfinder-kuppenheim.de\/wp-content\/uploads\/2023\/02\/ausbildungspfeil.jpg?resize=191%2C270&#038;ssl=1\" alt=\"\" class=\"wp-image-10640\" width=\"191\" height=\"270\" srcset=\"https:\/\/i0.wp.com\/pfadfinder-kuppenheim.de\/wp-content\/uploads\/2023\/02\/ausbildungspfeil.jpg?w=360&amp;ssl=1 360w, https:\/\/i0.wp.com\/pfadfinder-kuppenheim.de\/wp-content\/uploads\/2023\/02\/ausbildungspfeil.jpg?resize=212%2C300&amp;ssl=1 212w\" sizes=\"auto, (max-width: 191px) 100vw, 191px\" \/><\/figure>\n<\/div><\/div>\n\n\n\n<div class=\"wp-block-column is-vertically-aligned-bottom is-layout-flow wp-block-column-is-layout-flow\" style=\"flex-basis:85%\">\n<p>Unser Dachverband &#8222;Deutsche Pfadfinderschaft Sankt Georg&#8220; hat eine durch den Weltpfadfinderverband anerkannte Ausbildung seiner Leiter*innen entwickelt, welche st\u00e4ndig evaluiert und weiterentwickelt wird.<br>Der erste Woodbadgekurs wurde 1919 vom Gr\u00fcnder der Pfadfinderbewegung durchgef\u00fchrt. Seitdem wurde der Kurs und die pfadfinderische Methodik stetig weiterentwickelt und der Lebensrealit\u00e4t der Kinder und Jugendlichen angepasst.<br>Die Ausbildung ist zweigeteilt: Der erst Teil entspricht im Wesentlichen den Inhalten der Ausbildung zu Gruppenleitenden der Landesjugendringe. Der zweite Teil ist durch Inhalte der &#8222;Deutschen Pfadfinderschaft Sankt Georg&#8220; und des Weltpfadfinderverbands gepr\u00e4gt.<br>Der zeitliche Aufwand der kompletten Ausbildung bel\u00e4uft sich, neben der kontinuierlichen Stufen- und Stammesarbeit, auf zwei einw\u00f6chige Kurse, die Durchf\u00fchrung eines Abschlussprojekts, Erstellung einer abschlie\u00dfenden schriftlichen Reflexion und der Teilnahme an einem Reflexionswochenende. Jede Woodbadgeernennung wir vom Bundesvorstand der DPSG veranlasst und zuvor gepr\u00fcft.<\/p>\n<\/div>\n<\/div>\n\n\n\n<h4 class=\"has-cyan-bluish-gray-background-color has-background wp-block-heading\">Zertifizierungen<\/h4>\n\n\n\n<p>2019 wurden wir vom Landkreis Rastatt als &#8222;Jugendfreundlicher Verein&#8220; zertifiziert. Diese Zertifizierung verpflichtet zur aktiven Einhaltung der geltenden Jugenschutzbestimmungen und zur Umsetzung nach den Vorgaben des Pr\u00e4ventionsprojektes HaLT im Landkreis Rastatt und Stadtkreis Baden-Baden entsprechend den vereinbarten Regeln. <\/p>\n\n\n<div class=\"wp-block-image\">\n<figure class=\"aligncenter size-large is-resized\"><img data-recalc-dims=\"1\" loading=\"lazy\" decoding=\"async\" src=\"https:\/\/i0.wp.com\/blog.pfadfinder-kuppenheim.de\/wp-content\/uploads\/2022\/11\/Bildschirmfoto-2022-11-13-um-15.55.10-1024x399.png?resize=248%2C96\" alt=\"\" class=\"wp-image-10125\" width=\"248\" height=\"96\" srcset=\"https:\/\/i0.wp.com\/pfadfinder-kuppenheim.de\/wp-content\/uploads\/2022\/11\/Bildschirmfoto-2022-11-13-um-15.55.10.png?resize=1024%2C399&amp;ssl=1 1024w, https:\/\/i0.wp.com\/pfadfinder-kuppenheim.de\/wp-content\/uploads\/2022\/11\/Bildschirmfoto-2022-11-13-um-15.55.10.png?resize=300%2C117&amp;ssl=1 300w, https:\/\/i0.wp.com\/pfadfinder-kuppenheim.de\/wp-content\/uploads\/2022\/11\/Bildschirmfoto-2022-11-13-um-15.55.10.png?resize=768%2C299&amp;ssl=1 768w, https:\/\/i0.wp.com\/pfadfinder-kuppenheim.de\/wp-content\/uploads\/2022\/11\/Bildschirmfoto-2022-11-13-um-15.55.10.png?resize=750%2C292&amp;ssl=1 750w, https:\/\/i0.wp.com\/pfadfinder-kuppenheim.de\/wp-content\/uploads\/2022\/11\/Bildschirmfoto-2022-11-13-um-15.55.10.png?w=1356&amp;ssl=1 1356w\" sizes=\"auto, (max-width: 248px) 100vw, 248px\" \/><\/figure>\n<\/div>","protected":false},"excerpt":{"rendered":"<p>Stammesinterne Weiterbildung Neue Gruppenleiter*innen werden bei ihrem Einstieg durch den Vorstand und die jeweiligen Leitungsteams unterst\u00fctzt und eng begleitet. Die Leiterrunde trifft sich monatlich zum Austausch, zur Reflexion der aktuellen Aktionen, sowie zur Abstimmung und Aufgabenverteilung. Zudem wird das j\u00e4hrliche Leiterwochenende zur Weiterbildung durch interne und externe Referenten genutzt. Leiter*innen sind in der Regel mindestens&hellip;&nbsp;<a href=\"https:\/\/pfadfinder-kuppenheim.de\/?page_id=7899\" class=\"\" rel=\"bookmark\">Weiterlesen &raquo;<span class=\"screen-reader-text\">Weiterbildung und Zertifizierungen<\/span><\/a><\/p>\n","protected":false},"author":2,"featured_media":0,"parent":0,"menu_order":0,"comment_status":"closed","ping_status":"closed","template":"","meta":{"neve_meta_sidebar":"","neve_meta_container":"","neve_meta_enable_content_width":"","neve_meta_content_width":0,"neve_meta_title_alignment":"","neve_meta_author_avatar":"","neve_post_elements_order":"","neve_meta_disable_header":"","neve_meta_disable_footer":"","neve_meta_disable_title":"","jetpack_post_was_ever_published":false,"footnotes":""},"class_list":["post-7899","page","type-page","status-publish","hentry"],"jetpack_sharing_enabled":true,"jetpack_shortlink":"https:\/\/wp.me\/P3G0PZ-23p","_links":{"self":[{"href":"https:\/\/pfadfinder-kuppenheim.de\/index.php?rest_route=\/wp\/v2\/pages\/7899","targetHints":{"allow":["GET"]}}],"collection":[{"href":"https:\/\/pfadfinder-kuppenheim.de\/index.php?rest_route=\/wp\/v2\/pages"}],"about":[{"href":"https:\/\/pfadfinder-kuppenheim.de\/index.php?rest_route=\/wp\/v2\/types\/page"}],"author":[{"embeddable":true,"href":"https:\/\/pfadfinder-kuppenheim.de\/index.php?rest_route=\/wp\/v2\/users\/2"}],"replies":[{"embeddable":true,"href":"https:\/\/pfadfinder-kuppenheim.de\/index.php?rest_route=%2Fwp%2Fv2%2Fcomments&post=7899"}],"version-history":[{"count":7,"href":"https:\/\/pfadfinder-kuppenheim.de\/index.php?rest_route=\/wp\/v2\/pages\/7899\/revisions"}],"predecessor-version":[{"id":10641,"href":"https:\/\/pfadfinder-kuppenheim.de\/index.php?rest_route=\/wp\/v2\/pages\/7899\/revisions\/10641"}],"wp:attachment":[{"href":"https:\/\/pfadfinder-kuppenheim.de\/index.php?rest_route=%2Fwp%2Fv2%2Fmedia&parent=7899"}],"curies":[{"name":"wp","href":"https:\/\/api.w.org\/{rel}","templated":true}]}}