{"id":7896,"date":"2021-05-03T13:37:25","date_gmt":"2021-05-03T11:37:25","guid":{"rendered":"http:\/\/blog.pfadfinder-kuppenheim.de\/?page_id=7896"},"modified":"2023-01-13T22:36:45","modified_gmt":"2023-01-13T21:36:45","slug":"sepp-klumpp-haus","status":"publish","type":"page","link":"https:\/\/pfadfinder-kuppenheim.de\/?page_id=7896","title":{"rendered":"Sepp-Klumpp-Haus"},"content":{"rendered":"\n<p><strong>Am Rande des Schwarzwaldes<\/strong><\/p>\n\n\n\n<p class=\"has-text-align-justify\">Abgeschiedene Ruhe, frische Luft und den Wald vor der Haust\u00fcr: Das Sepp-Klumpp-Heim bietet Platz und eine wunderbare Umgebung f\u00fcr Gruppen, die gerne &#8222;ihr eigener Herr&#8220; sind. Nahe der F\u00e4cherstadt Karlsruhe, dem idyllischen St\u00e4dtchen Ettlingen, den Kurorten Baden-Baden und Bad Herrenalb und der ehemaligen badischen Festungsstadt Rastatt liegt das Dorf Freiolsheim in den Ausl\u00e4ufern des Schwarzwaldes. Leicht zu erreichen sind von hier aus mit Auto oder Fahrrad auch die Wallfahrtskirche Moosbronn, das Automobilmuseum Marxzell, die Klosterruine Frauenalb und viele andere reizvolle Winkel des Albtals. Rund einen halben Kilometer vom Ortsrand entfernt, bietet das Sepp Klumpp-Heim v\u00f6llige Ruhe f\u00fcr Freizeiten, Schullandheime, Seminare und Besinnungswochenende.<\/p>\n\n\n\n<div class=\"wp-block-media-text is-stacked-on-mobile\"><figure class=\"wp-block-media-text__media\"><img data-recalc-dims=\"1\" loading=\"lazy\" decoding=\"async\" width=\"700\" height=\"525\" src=\"https:\/\/i0.wp.com\/blog.pfadfinder-kuppenheim.de\/wp-content\/uploads\/2021\/05\/39881.jpg?resize=700%2C525\" alt=\"\" class=\"wp-image-7897 size-full\" srcset=\"https:\/\/i0.wp.com\/pfadfinder-kuppenheim.de\/wp-content\/uploads\/2021\/05\/39881.jpg?w=700&amp;ssl=1 700w, https:\/\/i0.wp.com\/pfadfinder-kuppenheim.de\/wp-content\/uploads\/2021\/05\/39881.jpg?resize=300%2C225&amp;ssl=1 300w\" sizes=\"auto, (max-width: 700px) 100vw, 700px\" \/><\/figure><div class=\"wp-block-media-text__content\">\n<p style=\"font-size:19px\"><strong>Details<\/strong><\/p>\n\n\n\n<p>Das Sepp-Klumpp-Haus bietet 28 Stockbetten und ein Einzelbett.<\/p>\n\n\n\n<p>Raumaufteilung:<br>1 Selbstversorgerk\u00fcche<br>2 Damen und 2 Herren-Toiletten<br>2 Badezimmer jeweils mit Dusche<br>1 Leiterzimmer mit Klappbett<br>3 Achtbettzimmer<br>1 Vierbettzimmer<br>Zentralheizung in allen R\u00e4umen<br>Telefon<\/p>\n<\/div><\/div>\n\n\n\n<p><strong><em>W<strong><em>eitere Informationen<\/em><\/strong>: <\/em><\/strong><\/p>\n\n\n\n<p><a href=\"http:\/\/www.sepp-klumpp-haus.de\/\">http:\/\/www.sepp-klumpp-haus.de\/<\/a><\/p>\n","protected":false},"excerpt":{"rendered":"<p>Am Rande des Schwarzwaldes Abgeschiedene Ruhe, frische Luft und den Wald vor der Haust\u00fcr: Das Sepp-Klumpp-Heim bietet Platz und eine wunderbare Umgebung f\u00fcr Gruppen, die gerne &#8222;ihr eigener Herr&#8220; sind. Nahe der F\u00e4cherstadt Karlsruhe, dem idyllischen St\u00e4dtchen Ettlingen, den Kurorten Baden-Baden und Bad Herrenalb und der ehemaligen badischen Festungsstadt Rastatt liegt das Dorf Freiolsheim in&hellip;&nbsp;<a href=\"https:\/\/pfadfinder-kuppenheim.de\/?page_id=7896\" class=\"\" rel=\"bookmark\">Weiterlesen &raquo;<span class=\"screen-reader-text\">Sepp-Klumpp-Haus<\/span><\/a><\/p>\n","protected":false},"author":2,"featured_media":0,"parent":0,"menu_order":0,"comment_status":"closed","ping_status":"closed","template":"","meta":{"neve_meta_sidebar":"","neve_meta_container":"","neve_meta_enable_content_width":"","neve_meta_content_width":0,"neve_meta_title_alignment":"","neve_meta_author_avatar":"","neve_post_elements_order":"","neve_meta_disable_header":"","neve_meta_disable_footer":"","neve_meta_disable_title":"","jetpack_post_was_ever_published":false,"footnotes":""},"class_list":["post-7896","page","type-page","status-publish","hentry"],"jetpack_sharing_enabled":true,"jetpack_shortlink":"https:\/\/wp.me\/P3G0PZ-23m","_links":{"self":[{"href":"https:\/\/pfadfinder-kuppenheim.de\/index.php?rest_route=\/wp\/v2\/pages\/7896","targetHints":{"allow":["GET"]}}],"collection":[{"href":"https:\/\/pfadfinder-kuppenheim.de\/index.php?rest_route=\/wp\/v2\/pages"}],"about":[{"href":"https:\/\/pfadfinder-kuppenheim.de\/index.php?rest_route=\/wp\/v2\/types\/page"}],"author":[{"embeddable":true,"href":"https:\/\/pfadfinder-kuppenheim.de\/index.php?rest_route=\/wp\/v2\/users\/2"}],"replies":[{"embeddable":true,"href":"https:\/\/pfadfinder-kuppenheim.de\/index.php?rest_route=%2Fwp%2Fv2%2Fcomments&post=7896"}],"version-history":[{"count":3,"href":"https:\/\/pfadfinder-kuppenheim.de\/index.php?rest_route=\/wp\/v2\/pages\/7896\/revisions"}],"predecessor-version":[{"id":10267,"href":"https:\/\/pfadfinder-kuppenheim.de\/index.php?rest_route=\/wp\/v2\/pages\/7896\/revisions\/10267"}],"wp:attachment":[{"href":"https:\/\/pfadfinder-kuppenheim.de\/index.php?rest_route=%2Fwp%2Fv2%2Fmedia&parent=7896"}],"curies":[{"name":"wp","href":"https:\/\/api.w.org\/{rel}","templated":true}]}}