{"id":7887,"date":"2021-04-30T10:53:50","date_gmt":"2021-04-30T08:53:50","guid":{"rendered":"http:\/\/blog.pfadfinder-kuppenheim.de\/?page_id=7887"},"modified":"2023-01-13T22:35:34","modified_gmt":"2023-01-13T21:35:34","slug":"foerderverein","status":"publish","type":"page","link":"https:\/\/pfadfinder-kuppenheim.de\/?page_id=7887","title":{"rendered":"F\u00f6rderverein"},"content":{"rendered":"\n<p>Der <strong>\u201eF\u00f6rderverein Deutsche Pfadfinderschaft St. Georg Stamm St. Sebastian Kuppenheim e.V.\u201c<\/strong> ist,<\/p>\n\n\n\n<div class=\"wp-block-media-text is-stacked-on-mobile\"><figure class=\"wp-block-media-text__media\"><img data-recalc-dims=\"1\" loading=\"lazy\" decoding=\"async\" width=\"800\" height=\"533\" src=\"https:\/\/i0.wp.com\/blog.pfadfinder-kuppenheim.de\/wp-content\/uploads\/2021\/04\/39859-1.jpg?resize=800%2C533\" alt=\"\" class=\"wp-image-7891 size-full\" srcset=\"https:\/\/i0.wp.com\/pfadfinder-kuppenheim.de\/wp-content\/uploads\/2021\/04\/39859-1.jpg?w=800&amp;ssl=1 800w, https:\/\/i0.wp.com\/pfadfinder-kuppenheim.de\/wp-content\/uploads\/2021\/04\/39859-1.jpg?resize=300%2C200&amp;ssl=1 300w, https:\/\/i0.wp.com\/pfadfinder-kuppenheim.de\/wp-content\/uploads\/2021\/04\/39859-1.jpg?resize=768%2C512&amp;ssl=1 768w, https:\/\/i0.wp.com\/pfadfinder-kuppenheim.de\/wp-content\/uploads\/2021\/04\/39859-1.jpg?resize=750%2C500&amp;ssl=1 750w\" sizes=\"auto, (max-width: 800px) 100vw, 800px\" \/><\/figure><div class=\"wp-block-media-text__content\">\n<p class=\"has-text-align-justify\">seit seiner Gr\u00fcndung im Jahre 1996, der Rechts- und Verm\u00f6genstr\u00e4ger des gleichnamigen Stammes. Der gemeinn\u00fctzige Verein hat derzeit 21 Mitglieder. Ein Teil sind sogenannte \u201egeborene Mitglieder\u201c: Der gesamte Stammesvorstand und ein Leitervertreter je Altersstufe. Der andere Teil besteht aus ehemaligen Leitern, Rovern und Vorst\u00e4nden. Das Altersspektrum reicht von 18 bis \u00fcber 65 Jahre. Alle Mitglieder sind ausnahmslos ehrenamtlich t\u00e4tig. Die Mitgliederversammlungen finden satzungsgem\u00e4\u00df zwei mal im Jahr statt. Der Verein unterst\u00fctzt den Stamm in vielen Angelegenheiten, die insbesondere die Gruppenleiter und den Vorstand entlasten sollen.<\/p>\n<\/div><\/div>\n\n\n\n<div class=\"wp-block-media-text has-media-on-the-right is-stacked-on-mobile\"><div class=\"wp-block-media-text__content\">\n<p class=\"has-text-align-justify\">Der F\u00f6rderverein wird durch die stellvertretenden Vorst\u00e4nde Bernd Wendelga\u00df und Matthias Stemmle, sowie dem 1. Vorsitzenden Patrick Huck nach au\u00dfen hin vertreten.<\/p>\n\n\n\n<p>Kontakt: <a href=\"mailto:foerderverein@pfadfinder-kuppenheim.de\">foerderverein@pfadfinder-kuppenheim.de<\/a><\/p>\n<\/div><figure class=\"wp-block-media-text__media\"><img data-recalc-dims=\"1\" loading=\"lazy\" decoding=\"async\" width=\"800\" height=\"600\" src=\"https:\/\/i0.wp.com\/blog.pfadfinder-kuppenheim.de\/wp-content\/uploads\/2021\/04\/39860-1.jpg?resize=800%2C600\" alt=\"\" class=\"wp-image-7890 size-full\" srcset=\"https:\/\/i0.wp.com\/pfadfinder-kuppenheim.de\/wp-content\/uploads\/2021\/04\/39860-1.jpg?w=800&amp;ssl=1 800w, https:\/\/i0.wp.com\/pfadfinder-kuppenheim.de\/wp-content\/uploads\/2021\/04\/39860-1.jpg?resize=300%2C225&amp;ssl=1 300w, https:\/\/i0.wp.com\/pfadfinder-kuppenheim.de\/wp-content\/uploads\/2021\/04\/39860-1.jpg?resize=768%2C576&amp;ssl=1 768w, https:\/\/i0.wp.com\/pfadfinder-kuppenheim.de\/wp-content\/uploads\/2021\/04\/39860-1.jpg?resize=750%2C563&amp;ssl=1 750w\" sizes=\"auto, (max-width: 800px) 100vw, 800px\" \/><\/figure><\/div>\n\n\n\n<p><\/p>\n","protected":false},"excerpt":{"rendered":"<p>Der \u201eF\u00f6rderverein Deutsche Pfadfinderschaft St. Georg Stamm St. Sebastian Kuppenheim e.V.\u201c ist, seit seiner Gr\u00fcndung im Jahre 1996, der Rechts- und Verm\u00f6genstr\u00e4ger des gleichnamigen Stammes. Der gemeinn\u00fctzige Verein hat derzeit 21 Mitglieder. Ein Teil sind sogenannte \u201egeborene Mitglieder\u201c: Der gesamte Stammesvorstand und ein Leitervertreter je Altersstufe. Der andere Teil besteht aus ehemaligen Leitern, Rovern und&hellip;&nbsp;<a href=\"https:\/\/pfadfinder-kuppenheim.de\/?page_id=7887\" class=\"\" rel=\"bookmark\">Weiterlesen &raquo;<span class=\"screen-reader-text\">F\u00f6rderverein<\/span><\/a><\/p>\n","protected":false},"author":2,"featured_media":0,"parent":0,"menu_order":0,"comment_status":"closed","ping_status":"closed","template":"","meta":{"neve_meta_sidebar":"","neve_meta_container":"","neve_meta_enable_content_width":"","neve_meta_content_width":0,"neve_meta_title_alignment":"","neve_meta_author_avatar":"","neve_post_elements_order":"","neve_meta_disable_header":"","neve_meta_disable_footer":"","neve_meta_disable_title":"","jetpack_post_was_ever_published":false,"footnotes":""},"class_list":["post-7887","page","type-page","status-publish","hentry"],"jetpack_sharing_enabled":true,"jetpack_shortlink":"https:\/\/wp.me\/P3G0PZ-23d","_links":{"self":[{"href":"https:\/\/pfadfinder-kuppenheim.de\/index.php?rest_route=\/wp\/v2\/pages\/7887","targetHints":{"allow":["GET"]}}],"collection":[{"href":"https:\/\/pfadfinder-kuppenheim.de\/index.php?rest_route=\/wp\/v2\/pages"}],"about":[{"href":"https:\/\/pfadfinder-kuppenheim.de\/index.php?rest_route=\/wp\/v2\/types\/page"}],"author":[{"embeddable":true,"href":"https:\/\/pfadfinder-kuppenheim.de\/index.php?rest_route=\/wp\/v2\/users\/2"}],"replies":[{"embeddable":true,"href":"https:\/\/pfadfinder-kuppenheim.de\/index.php?rest_route=%2Fwp%2Fv2%2Fcomments&post=7887"}],"version-history":[{"count":5,"href":"https:\/\/pfadfinder-kuppenheim.de\/index.php?rest_route=\/wp\/v2\/pages\/7887\/revisions"}],"predecessor-version":[{"id":10265,"href":"https:\/\/pfadfinder-kuppenheim.de\/index.php?rest_route=\/wp\/v2\/pages\/7887\/revisions\/10265"}],"wp:attachment":[{"href":"https:\/\/pfadfinder-kuppenheim.de\/index.php?rest_route=%2Fwp%2Fv2%2Fmedia&parent=7887"}],"curies":[{"name":"wp","href":"https:\/\/api.w.org\/{rel}","templated":true}]}}

Förderverein

<p>Der <strong>„Förderverein Deutsche Pfadfinderschaft St. Georg Stamm St. Sebastian Kuppenheim e.V.“</strong> ist,</p>



<div class="wp-block-media-text is-stacked-on-mobile"><figure class="wp-block-media-text__media"><img data-recalc-dims="1" loading="lazy" decoding="async" width="800" height="533" src="https://i0.wp.com/blog.pfadfinder-kuppenheim.de/wp-content/uploads/2021/04/39859-1.jpg?resize=800%2C533" alt="" class="wp-image-7891 size-full" srcset="https://i0.wp.com/pfadfinder-kuppenheim.de/wp-content/uploads/2021/04/39859-1.jpg?w=800&amp;ssl=1 800w, https://i0.wp.com/pfadfinder-kuppenheim.de/wp-content/uploads/2021/04/39859-1.jpg?resize=300%2C200&amp;ssl=1 300w, https://i0.wp.com/pfadfinder-kuppenheim.de/wp-content/uploads/2021/04/39859-1.jpg?resize=768%2C512&amp;ssl=1 768w, https://i0.wp.com/pfadfinder-kuppenheim.de/wp-content/uploads/2021/04/39859-1.jpg?resize=750%2C500&amp;ssl=1 750w" sizes="auto, (max-width: 800px) 100vw, 800px" /></figure><div class="wp-block-media-text__content">
<p class="has-text-align-justify">seit seiner Gründung im Jahre 1996, der Rechts- und Vermögensträger des gleichnamigen Stammes. Der gemeinnützige Verein hat derzeit 21 Mitglieder. Ein Teil sind sogenannte „geborene Mitglieder“: Der gesamte Stammesvorstand und ein Leitervertreter je Altersstufe. Der andere Teil besteht aus ehemaligen Leitern, Rovern und Vorständen. Das Altersspektrum reicht von 18 bis über 65 Jahre. Alle Mitglieder sind ausnahmslos ehrenamtlich tätig. Die Mitgliederversammlungen finden satzungsgemäß zwei mal im Jahr statt. Der Verein unterstützt den Stamm in vielen Angelegenheiten, die insbesondere die Gruppenleiter und den Vorstand entlasten sollen.</p>
</div></div>



<div class="wp-block-media-text has-media-on-the-right is-stacked-on-mobile"><div class="wp-block-media-text__content">
<p class="has-text-align-justify">Der Förderverein wird durch die stellvertretenden Vorstände Bernd Wendelgaß und Matthias Stemmle, sowie dem 1. Vorsitzenden Patrick Huck nach außen hin vertreten.</p>



<p>Kontakt: <a href="mailto:foerderverein@pfadfinder-kuppenheim.de">foerderverein@pfadfinder-kuppenheim.de</a></p>
</div><figure class="wp-block-media-text__media"><img data-recalc-dims="1" loading="lazy" decoding="async" width="800" height="600" src="https://i0.wp.com/blog.pfadfinder-kuppenheim.de/wp-content/uploads/2021/04/39860-1.jpg?resize=800%2C600" alt="" class="wp-image-7890 size-full" srcset="https://i0.wp.com/pfadfinder-kuppenheim.de/wp-content/uploads/2021/04/39860-1.jpg?w=800&amp;ssl=1 800w, https://i0.wp.com/pfadfinder-kuppenheim.de/wp-content/uploads/2021/04/39860-1.jpg?resize=300%2C225&amp;ssl=1 300w, https://i0.wp.com/pfadfinder-kuppenheim.de/wp-content/uploads/2021/04/39860-1.jpg?resize=768%2C576&amp;ssl=1 768w, https://i0.wp.com/pfadfinder-kuppenheim.de/wp-content/uploads/2021/04/39860-1.jpg?resize=750%2C563&amp;ssl=1 750w" sizes="auto, (max-width: 800px) 100vw, 800px" /></figure></div>



<p></p>

<p>Der „Förderverein Deutsche Pfadfinderschaft St. Georg Stamm St. Sebastian Kuppenheim e.V.“ ist, seit seiner Gründung im Jahre 1996, der Rechts- und Vermögensträger des gleichnamigen Stammes. Der gemeinnützige Verein hat derzeit 21 Mitglieder. Ein Teil sind sogenannte „geborene Mitglieder“: Der gesamte Stammesvorstand und ein Leitervertreter je Altersstufe. Der andere Teil besteht aus ehemaligen Leitern, Rovern und&hellip;&nbsp;<a href="https://pfadfinder-kuppenheim.de/?page_id=7887" class="" rel="bookmark">Weiterlesen &raquo;<span class="screen-reader-text">Förderverein</span></a></p>
