{"id":13,"date":"2013-06-23T19:37:47","date_gmt":"2013-06-23T17:37:47","guid":{"rendered":"http:\/\/blog.pfadfinder-kuppenheim.de\/?page_id=13"},"modified":"2026-01-21T11:53:46","modified_gmt":"2026-01-21T10:53:46","slug":"pfadis","status":"publish","type":"page","link":"https:\/\/pfadfinder-kuppenheim.de\/?page_id=13","title":{"rendered":"Pfadis"},"content":{"rendered":"\n<div class=\"wp-block-cover is-light\"><img data-recalc-dims=\"1\" loading=\"lazy\" decoding=\"async\" width=\"1200\" height=\"574\" class=\"wp-block-cover__image-background wp-image-9907\" alt=\"\" src=\"https:\/\/i0.wp.com\/blog.pfadfinder-kuppenheim.de\/wp-content\/uploads\/2022\/08\/IMG_0259.jpg?resize=1200%2C574\" data-object-fit=\"cover\" srcset=\"https:\/\/i0.wp.com\/pfadfinder-kuppenheim.de\/wp-content\/uploads\/2022\/08\/IMG_0259.jpg?w=1256&amp;ssl=1 1256w, https:\/\/i0.wp.com\/pfadfinder-kuppenheim.de\/wp-content\/uploads\/2022\/08\/IMG_0259.jpg?resize=300%2C144&amp;ssl=1 300w, https:\/\/i0.wp.com\/pfadfinder-kuppenheim.de\/wp-content\/uploads\/2022\/08\/IMG_0259.jpg?resize=1024%2C490&amp;ssl=1 1024w, https:\/\/i0.wp.com\/pfadfinder-kuppenheim.de\/wp-content\/uploads\/2022\/08\/IMG_0259.jpg?resize=768%2C367&amp;ssl=1 768w, https:\/\/i0.wp.com\/pfadfinder-kuppenheim.de\/wp-content\/uploads\/2022\/08\/IMG_0259.jpg?resize=750%2C359&amp;ssl=1 750w\" sizes=\"auto, (max-width: 1200px) 100vw, 1200px\" \/><span aria-hidden=\"true\" class=\"wp-block-cover__background has-background-dim\"><\/span><div class=\"wp-block-cover__inner-container is-layout-flow wp-block-cover-is-layout-flow\">\n<h1 class=\"wp-block-heading has-text-align-center has-white-color has-text-color has-x-large-font-size\">Willkommen bei den Pfadis<\/h1>\n<\/div><\/div>\n\n\n\n<p><strong>\u201eWagt es!\u201c<\/strong>&nbsp;ist das Leitbild der Pfadfinderstufe. Das Alter zwischen 13 und 16 Jahren ist eine wichtige Phase der Orientierung. Deswegen werden bei uns die Pfadis dazu ermutigt, es zu wagen, ihr Leben aktiv zu gestalten. Und nat\u00fcrlich haben wir auch einfach eine Menge Spa\u00df zusammen!<\/p>\n\n\n\n<p>Du willst wissen, was wir unterm Jahr so machen? Dann schau doch mal auf unserem <a href=\"http:\/\/blog.pfadfinder-kuppenheim.de\/?cat=6\">Pfadiblog<\/a> vorbei.<\/p>\n\n\n\n<p>Du interessierst dich f\u00fcr unsere Zeltlager? Unsere Pfadis schreiben immer flei\u00dfig ins <a href=\"http:\/\/blog.pfadfinder-kuppenheim.de\/?cat=23\">Pfadis SoLa Tagebuch<\/a><\/p>\n\n\n\n<p class=\"has-white-color has-vivid-green-cyan-background-color has-text-color has-background\"><strong>Auf was kannst du dich freuen?<\/strong><\/p>\n\n\n\n<ul class=\"wp-block-list\">\n<li><strong>Truppstunden<\/strong>: jeden Montag von 19:00 bis 21:00 Uhr.<\/li>\n\n\n\n<li><strong>Track for Kidz<\/strong>: Ein Wochenende im Januar gehen wir immer zusammen mit anderen Pfadis der Di\u00f6zese Freiburg auf ein Wochenend-Lager in Furtwangen. Da gibt\u2019s viel Spa\u00df und noch mehr Schnee!<\/li>\n\n\n\n<li><strong>Pfingstlager<\/strong>: \u00dcber Pfingsten zelten wir gemeinsam im ganzen Stamm<\/li>\n\n\n\n<li><strong>H\u00fcttenwochenenden in Freiolsheim<\/strong><\/li>\n\n\n\n<li><strong>Sommerlager<\/strong>: Das Sommerlager ist das Highlight des Pfadfinderjahres. Zwei Wochen mit viel Programm aber auch gen\u00fcgend Zeit f\u00fcr die H\u00e4ngematte.<\/li>\n\n\n\n<li>Viele&nbsp;<strong>Tagesaktionen&nbsp;<\/strong>unterm Jahr und alles, worauf du Lust hast&#8230;<\/li>\n<\/ul>\n\n\n\n<p class=\"has-white-color has-vivid-green-cyan-background-color has-text-color has-background\"><strong>Wir freuen uns auf dich!<\/strong><\/p>\n\n\n\n<figure class=\"wp-block-gallery has-nested-images columns-default is-cropped wp-block-gallery-1 is-layout-flex wp-block-gallery-is-layout-flex\">\n<figure class=\"wp-block-image size-large\"><img data-recalc-dims=\"1\" loading=\"lazy\" decoding=\"async\" width=\"1024\" height=\"768\" data-id=\"15027\" src=\"https:\/\/i0.wp.com\/pfadfinder-kuppenheim.de\/wp-content\/uploads\/2025\/01\/DSCN0381.jpg?resize=1024%2C768&#038;ssl=1\" alt=\"\" class=\"wp-image-15027\" srcset=\"https:\/\/i0.wp.com\/pfadfinder-kuppenheim.de\/wp-content\/uploads\/2025\/01\/DSCN0381-scaled.jpg?resize=1024%2C768&amp;ssl=1 1024w, https:\/\/i0.wp.com\/pfadfinder-kuppenheim.de\/wp-content\/uploads\/2025\/01\/DSCN0381-scaled.jpg?resize=300%2C225&amp;ssl=1 300w, https:\/\/i0.wp.com\/pfadfinder-kuppenheim.de\/wp-content\/uploads\/2025\/01\/DSCN0381-scaled.jpg?resize=768%2C576&amp;ssl=1 768w, https:\/\/i0.wp.com\/pfadfinder-kuppenheim.de\/wp-content\/uploads\/2025\/01\/DSCN0381-scaled.jpg?resize=1536%2C1152&amp;ssl=1 1536w, https:\/\/i0.wp.com\/pfadfinder-kuppenheim.de\/wp-content\/uploads\/2025\/01\/DSCN0381-scaled.jpg?resize=2048%2C1536&amp;ssl=1 2048w, https:\/\/i0.wp.com\/pfadfinder-kuppenheim.de\/wp-content\/uploads\/2025\/01\/DSCN0381-scaled.jpg?w=2400&amp;ssl=1 2400w\" sizes=\"auto, (max-width: 1024px) 100vw, 1024px\" \/><figcaption class=\"wp-element-caption\">Unsere Pfadis<\/figcaption><\/figure>\n\n\n\n<figure class=\"wp-block-image size-large\"><img data-recalc-dims=\"1\" loading=\"lazy\" decoding=\"async\" width=\"1024\" height=\"768\" data-id=\"15028\" src=\"https:\/\/i0.wp.com\/pfadfinder-kuppenheim.de\/wp-content\/uploads\/2025\/01\/DSCN0395.jpg?resize=1024%2C768&#038;ssl=1\" alt=\"\" class=\"wp-image-15028\" srcset=\"https:\/\/i0.wp.com\/pfadfinder-kuppenheim.de\/wp-content\/uploads\/2025\/01\/DSCN0395-scaled.jpg?resize=1024%2C768&amp;ssl=1 1024w, https:\/\/i0.wp.com\/pfadfinder-kuppenheim.de\/wp-content\/uploads\/2025\/01\/DSCN0395-scaled.jpg?resize=300%2C225&amp;ssl=1 300w, https:\/\/i0.wp.com\/pfadfinder-kuppenheim.de\/wp-content\/uploads\/2025\/01\/DSCN0395-scaled.jpg?resize=768%2C576&amp;ssl=1 768w, https:\/\/i0.wp.com\/pfadfinder-kuppenheim.de\/wp-content\/uploads\/2025\/01\/DSCN0395-scaled.jpg?resize=1536%2C1152&amp;ssl=1 1536w, https:\/\/i0.wp.com\/pfadfinder-kuppenheim.de\/wp-content\/uploads\/2025\/01\/DSCN0395-scaled.jpg?resize=2048%2C1536&amp;ssl=1 2048w, https:\/\/i0.wp.com\/pfadfinder-kuppenheim.de\/wp-content\/uploads\/2025\/01\/DSCN0395-scaled.jpg?w=2400&amp;ssl=1 2400w\" sizes=\"auto, (max-width: 1024px) 100vw, 1024px\" \/><figcaption class=\"wp-element-caption\">Die Pfadi-Leitenden <\/figcaption><\/figure>\n<\/figure>\n\n\n\n<p><\/p>\n\n\n\n<p>Aktuell wird die Pfadistufe von Kevin, Benedikt, Burgi, Lea, Mika und Jonas geleitet. Wenn du Interesse oder Fragen hast, melde dich gerne unter der E-Mail Adresse: <\/p>\n\n\n\n<p><a href=\"mailto:pfadis@pfadfinder-kuppenheim.de\" target=\"_blank\" rel=\"noreferrer noopener\">pfadis@pfadfinder-kuppenheim.de<\/a><\/p>\n","protected":false},"excerpt":{"rendered":"<p>\u201eWagt es!\u201c&nbsp;ist das Leitbild der Pfadfinderstufe. Das Alter zwischen 13 und 16 Jahren ist eine wichtige Phase der Orientierung. Deswegen werden bei uns die Pfadis dazu ermutigt, es zu wagen, ihr Leben aktiv zu gestalten. Und nat\u00fcrlich haben wir auch einfach eine Menge Spa\u00df zusammen! Du willst wissen, was wir unterm Jahr so machen? Dann&hellip;&nbsp;<a href=\"https:\/\/pfadfinder-kuppenheim.de\/?page_id=13\" class=\"\" rel=\"bookmark\">Weiterlesen &raquo;<span class=\"screen-reader-text\">Pfadis<\/span><\/a><\/p>\n","protected":false},"author":1,"featured_media":0,"parent":0,"menu_order":0,"comment_status":"closed","ping_status":"open","template":"","meta":{"neve_meta_sidebar":"","neve_meta_container":"","neve_meta_enable_content_width":"","neve_meta_content_width":0,"neve_meta_title_alignment":"","neve_meta_author_avatar":"","neve_post_elements_order":"","neve_meta_disable_header":"","neve_meta_disable_footer":"","neve_meta_disable_title":"","jetpack_post_was_ever_published":false,"footnotes":""},"class_list":["post-13","page","type-page","status-publish","hentry"],"jetpack_sharing_enabled":true,"jetpack_shortlink":"https:\/\/wp.me\/P3G0PZ-d","_links":{"self":[{"href":"https:\/\/pfadfinder-kuppenheim.de\/index.php?rest_route=\/wp\/v2\/pages\/13","targetHints":{"allow":["GET"]}}],"collection":[{"href":"https:\/\/pfadfinder-kuppenheim.de\/index.php?rest_route=\/wp\/v2\/pages"}],"about":[{"href":"https:\/\/pfadfinder-kuppenheim.de\/index.php?rest_route=\/wp\/v2\/types\/page"}],"author":[{"embeddable":true,"href":"https:\/\/pfadfinder-kuppenheim.de\/index.php?rest_route=\/wp\/v2\/users\/1"}],"replies":[{"embeddable":true,"href":"https:\/\/pfadfinder-kuppenheim.de\/index.php?rest_route=%2Fwp%2Fv2%2Fcomments&post=13"}],"version-history":[{"count":13,"href":"https:\/\/pfadfinder-kuppenheim.de\/index.php?rest_route=\/wp\/v2\/pages\/13\/revisions"}],"predecessor-version":[{"id":18103,"href":"https:\/\/pfadfinder-kuppenheim.de\/index.php?rest_route=\/wp\/v2\/pages\/13\/revisions\/18103"}],"wp:attachment":[{"href":"https:\/\/pfadfinder-kuppenheim.de\/index.php?rest_route=%2Fwp%2Fv2%2Fmedia&parent=13"}],"curies":[{"name":"wp","href":"https:\/\/api.w.org\/{rel}","templated":true}]}}

<div class="wp-block-cover is-light"><img data-recalc-dims="1" loading="lazy" decoding="async" width="1200" height="574" class="wp-block-cover__image-background wp-image-9907" alt="" src="https://i0.wp.com/blog.pfadfinder-kuppenheim.de/wp-content/uploads/2022/08/IMG_0259.jpg?resize=1200%2C574" data-object-fit="cover" srcset="https://i0.wp.com/pfadfinder-kuppenheim.de/wp-content/uploads/2022/08/IMG_0259.jpg?w=1256&amp;ssl=1 1256w, https://i0.wp.com/pfadfinder-kuppenheim.de/wp-content/uploads/2022/08/IMG_0259.jpg?resize=300%2C144&amp;ssl=1 300w, https://i0.wp.com/pfadfinder-kuppenheim.de/wp-content/uploads/2022/08/IMG_0259.jpg?resize=1024%2C490&amp;ssl=1 1024w, https://i0.wp.com/pfadfinder-kuppenheim.de/wp-content/uploads/2022/08/IMG_0259.jpg?resize=768%2C367&amp;ssl=1 768w, https://i0.wp.com/pfadfinder-kuppenheim.de/wp-content/uploads/2022/08/IMG_0259.jpg?resize=750%2C359&amp;ssl=1 750w" sizes="auto, (max-width: 1200px) 100vw, 1200px" /><span aria-hidden="true" class="wp-block-cover__background has-background-dim"></span><div class="wp-block-cover__inner-container is-layout-flow wp-block-cover-is-layout-flow">
<h1 class="wp-block-heading has-text-align-center has-white-color has-text-color has-x-large-font-size">Willkommen bei den Pfadis</h1>
</div></div>



<p><strong>„Wagt es!“</strong>&nbsp;ist das Leitbild der Pfadfinderstufe. Das Alter zwischen 13 und 16 Jahren ist eine wichtige Phase der Orientierung. Deswegen werden bei uns die Pfadis dazu ermutigt, es zu wagen, ihr Leben aktiv zu gestalten. Und natürlich haben wir auch einfach eine Menge Spaß zusammen!</p>



<p>Du willst wissen, was wir unterm Jahr so machen? Dann schau doch mal auf unserem <a href="http://blog.pfadfinder-kuppenheim.de/?cat=6">Pfadiblog</a> vorbei.</p>



<p>Du interessierst dich für unsere Zeltlager? Unsere Pfadis schreiben immer fleißig ins <a href="http://blog.pfadfinder-kuppenheim.de/?cat=23">Pfadis SoLa Tagebuch</a></p>



<p class="has-white-color has-vivid-green-cyan-background-color has-text-color has-background"><strong>Auf was kannst du dich freuen?</strong></p>



<ul class="wp-block-list">
<li><strong>Truppstunden</strong>: jeden Montag von 19:00 bis 21:00 Uhr.</li>



<li><strong>Track for Kidz</strong>: Ein Wochenende im Januar gehen wir immer zusammen mit anderen Pfadis der Diözese Freiburg auf ein Wochenend-Lager in Furtwangen. Da gibt’s viel Spaß und noch mehr Schnee!</li>



<li><strong>Pfingstlager</strong>: Über Pfingsten zelten wir gemeinsam im ganzen Stamm</li>



<li><strong>Hüttenwochenenden in Freiolsheim</strong></li>



<li><strong>Sommerlager</strong>: Das Sommerlager ist das Highlight des Pfadfinderjahres. Zwei Wochen mit viel Programm aber auch genügend Zeit für die Hängematte.</li>



<li>Viele&nbsp;<strong>Tagesaktionen&nbsp;</strong>unterm Jahr und alles, worauf du Lust hast&#8230;</li>
</ul>



<p class="has-white-color has-vivid-green-cyan-background-color has-text-color has-background"><strong>Wir freuen uns auf dich!</strong></p>



<figure class="wp-block-gallery has-nested-images columns-default is-cropped wp-block-gallery-1 is-layout-flex wp-block-gallery-is-layout-flex">
<figure class="wp-block-image size-large"><img data-recalc-dims="1" loading="lazy" decoding="async" width="1024" height="768" data-id="15027" src="https://i0.wp.com/pfadfinder-kuppenheim.de/wp-content/uploads/2025/01/DSCN0381.jpg?resize=1024%2C768&#038;ssl=1" alt="" class="wp-image-15027" srcset="https://i0.wp.com/pfadfinder-kuppenheim.de/wp-content/uploads/2025/01/DSCN0381-scaled.jpg?resize=1024%2C768&amp;ssl=1 1024w, https://i0.wp.com/pfadfinder-kuppenheim.de/wp-content/uploads/2025/01/DSCN0381-scaled.jpg?resize=300%2C225&amp;ssl=1 300w, https://i0.wp.com/pfadfinder-kuppenheim.de/wp-content/uploads/2025/01/DSCN0381-scaled.jpg?resize=768%2C576&amp;ssl=1 768w, https://i0.wp.com/pfadfinder-kuppenheim.de/wp-content/uploads/2025/01/DSCN0381-scaled.jpg?resize=1536%2C1152&amp;ssl=1 1536w, https://i0.wp.com/pfadfinder-kuppenheim.de/wp-content/uploads/2025/01/DSCN0381-scaled.jpg?resize=2048%2C1536&amp;ssl=1 2048w, https://i0.wp.com/pfadfinder-kuppenheim.de/wp-content/uploads/2025/01/DSCN0381-scaled.jpg?w=2400&amp;ssl=1 2400w" sizes="auto, (max-width: 1024px) 100vw, 1024px" /><figcaption class="wp-element-caption">Unsere Pfadis</figcaption></figure>



<figure class="wp-block-image size-large"><img data-recalc-dims="1" loading="lazy" decoding="async" width="1024" height="768" data-id="15028" src="https://i0.wp.com/pfadfinder-kuppenheim.de/wp-content/uploads/2025/01/DSCN0395.jpg?resize=1024%2C768&#038;ssl=1" alt="" class="wp-image-15028" srcset="https://i0.wp.com/pfadfinder-kuppenheim.de/wp-content/uploads/2025/01/DSCN0395-scaled.jpg?resize=1024%2C768&amp;ssl=1 1024w, https://i0.wp.com/pfadfinder-kuppenheim.de/wp-content/uploads/2025/01/DSCN0395-scaled.jpg?resize=300%2C225&amp;ssl=1 300w, https://i0.wp.com/pfadfinder-kuppenheim.de/wp-content/uploads/2025/01/DSCN0395-scaled.jpg?resize=768%2C576&amp;ssl=1 768w, https://i0.wp.com/pfadfinder-kuppenheim.de/wp-content/uploads/2025/01/DSCN0395-scaled.jpg?resize=1536%2C1152&amp;ssl=1 1536w, https://i0.wp.com/pfadfinder-kuppenheim.de/wp-content/uploads/2025/01/DSCN0395-scaled.jpg?resize=2048%2C1536&amp;ssl=1 2048w, https://i0.wp.com/pfadfinder-kuppenheim.de/wp-content/uploads/2025/01/DSCN0395-scaled.jpg?w=2400&amp;ssl=1 2400w" sizes="auto, (max-width: 1024px) 100vw, 1024px" /><figcaption class="wp-element-caption">Die Pfadi-Leitenden </figcaption></figure>
</figure>



<p></p>



<p>Aktuell wird die Pfadistufe von Kevin, Benedikt, Burgi, Lea, Mika und Jonas geleitet. Wenn du Interesse oder Fragen hast, melde dich gerne unter der E-Mail Adresse: </p>



<p><a href="mailto:pfadis@pfadfinder-kuppenheim.de" target="_blank" rel="noreferrer noopener">pfadis@pfadfinder-kuppenheim.de</a></p>

<p>„Wagt es!“&nbsp;ist das Leitbild der Pfadfinderstufe. Das Alter zwischen 13 und 16 Jahren ist eine wichtige Phase der Orientierung. Deswegen werden bei uns die Pfadis dazu ermutigt, es zu wagen, ihr Leben aktiv zu gestalten. Und natürlich haben wir auch einfach eine Menge Spaß zusammen! Du willst wissen, was wir unterm Jahr so machen? Dann&hellip;&nbsp;<a href="https://pfadfinder-kuppenheim.de/?page_id=13" class="" rel="bookmark">Weiterlesen &raquo;<span class="screen-reader-text">Pfadis</span></a></p>
