{"id":10348,"date":"2023-01-24T17:08:08","date_gmt":"2023-01-24T16:08:08","guid":{"rendered":"https:\/\/pfadfinder-kuppenheim.de\/?page_id=10348"},"modified":"2025-01-28T15:02:53","modified_gmt":"2025-01-28T14:02:53","slug":"biber","status":"publish","type":"page","link":"https:\/\/pfadfinder-kuppenheim.de\/?page_id=10348","title":{"rendered":"Biber"},"content":{"rendered":"\n<div class=\"wp-block-cover alignfull\"><span aria-hidden=\"true\" class=\"wp-block-cover__background has-background-dim-10 has-background-dim\"><\/span><img data-recalc-dims=\"1\" loading=\"lazy\" decoding=\"async\" width=\"1200\" height=\"471\" class=\"wp-block-cover__image-background wp-image-10473\" alt=\"\" src=\"https:\/\/i0.wp.com\/pfadfinder-kuppenheim.de\/wp-content\/uploads\/2023\/01\/Biber-Background-scaled.jpg?resize=1200%2C471&#038;ssl=1\" data-object-fit=\"cover\" srcset=\"https:\/\/i0.wp.com\/pfadfinder-kuppenheim.de\/wp-content\/uploads\/2023\/01\/Biber-Background-scaled.jpg?w=2560&amp;ssl=1 2560w, https:\/\/i0.wp.com\/pfadfinder-kuppenheim.de\/wp-content\/uploads\/2023\/01\/Biber-Background-scaled.jpg?resize=300%2C118&amp;ssl=1 300w, https:\/\/i0.wp.com\/pfadfinder-kuppenheim.de\/wp-content\/uploads\/2023\/01\/Biber-Background-scaled.jpg?resize=1024%2C402&amp;ssl=1 1024w, https:\/\/i0.wp.com\/pfadfinder-kuppenheim.de\/wp-content\/uploads\/2023\/01\/Biber-Background-scaled.jpg?resize=768%2C301&amp;ssl=1 768w, https:\/\/i0.wp.com\/pfadfinder-kuppenheim.de\/wp-content\/uploads\/2023\/01\/Biber-Background-scaled.jpg?resize=1536%2C602&amp;ssl=1 1536w, https:\/\/i0.wp.com\/pfadfinder-kuppenheim.de\/wp-content\/uploads\/2023\/01\/Biber-Background-scaled.jpg?resize=2048%2C803&amp;ssl=1 2048w, https:\/\/i0.wp.com\/pfadfinder-kuppenheim.de\/wp-content\/uploads\/2023\/01\/Biber-Background-scaled.jpg?w=2400&amp;ssl=1 2400w\" sizes=\"auto, (max-width: 1200px) 100vw, 1200px\" \/><div class=\"wp-block-cover__inner-container is-layout-flow wp-block-cover-is-layout-flow\">\n<h1 class=\"wp-block-heading has-text-align-center\" style=\"font-size:100px\">BIBER<\/h1>\n<\/div><\/div>\n\n\n\n<hr class=\"wp-block-separator has-alpha-channel-opacity is-style-wide\"\/>\n\n\n\n<p>Noch wurden keine Biber in Kuppenheim gesichtet, aber wir arbeiten daran, dass es im W\u00f6rtelwald schon bald ein paar Biber gibt.<br>Nur meinen wir nicht die kleinen,&nbsp;pelzigen&nbsp;Architekten der Natur. Wir Pfadfinder planen im Laufe des Fr\u00fchjahrs mit einer neuen Gruppe Pfadfinder zu beginnen. Die Biber werden die Kleinsten in unserem Stamm werden und noch ein wenig j\u00fcnger sein als unsere W\u00f6lflinge.<\/p>\n\n\n\n<p>Wenn du also noch im Kindergarten bist, aber dieses Jahr noch in die Schule kommst, bist du genau im richtigen Alter. Wenn du Lust hast, drau\u00dfen im Wald zu sein, mit anderen Kindern zu spielen und basteln, zu lernen wie man eine Wurst auf dem Feuer grillt und noch vieles mehr, dann melde dich schnell unter&nbsp;<a rel=\"noreferrer noopener\" href=\"mailto:biber@pfadfinder-kuppenheim.de\" target=\"_blank\">biber@pfadfinder-kuppenheim.de<\/a><\/p>\n\n\n\n<hr class=\"wp-block-separator has-alpha-channel-opacity is-style-wide\"\/>\n\n\n\n<p class=\"has-background\" style=\"background-color:#8df5ff\"><strong>Was machen Biber eigentlich?<\/strong><\/p>\n\n\n\n<p>Ab dem Alter von f\u00fcnf Jahren k\u00f6nnen Kinder bei uns in der Bibergruppe pfadfinderisch aktiv werden und lernen so schon fr\u00fch das Abenteuer Pfadfinden kennen und k\u00f6nnen neue Freundschaften schlie\u00dfen.<\/p>\n\n\n\n<p class=\"has-text-align-left\">In den Gruppenstunden wird gemeinsam gespielt, gesungen, gelacht, Lagerfeuer mit Stockbrot gemacht, Knoten gebunden und gebastelt. Biber fahren zwar noch nicht auf&#8217;s Sommerlager, nehmen aber an anderen Stammesaktionen als Teil unserer Gemeinschaft teil.<\/p>\n\n\n<div class=\"wp-block-image\">\n<figure class=\"aligncenter size-large\"><img data-recalc-dims=\"1\" loading=\"lazy\" decoding=\"async\" width=\"1024\" height=\"768\" src=\"https:\/\/i0.wp.com\/pfadfinder-kuppenheim.de\/wp-content\/uploads\/2025\/01\/IMG_3187-1.jpeg?resize=1024%2C768&#038;ssl=1\" alt=\"\" class=\"wp-image-15034\" srcset=\"https:\/\/i0.wp.com\/pfadfinder-kuppenheim.de\/wp-content\/uploads\/2025\/01\/IMG_3187-1-scaled.jpeg?resize=1024%2C768&amp;ssl=1 1024w, https:\/\/i0.wp.com\/pfadfinder-kuppenheim.de\/wp-content\/uploads\/2025\/01\/IMG_3187-1-scaled.jpeg?resize=300%2C225&amp;ssl=1 300w, https:\/\/i0.wp.com\/pfadfinder-kuppenheim.de\/wp-content\/uploads\/2025\/01\/IMG_3187-1-scaled.jpeg?resize=768%2C576&amp;ssl=1 768w, https:\/\/i0.wp.com\/pfadfinder-kuppenheim.de\/wp-content\/uploads\/2025\/01\/IMG_3187-1-scaled.jpeg?resize=1536%2C1152&amp;ssl=1 1536w, https:\/\/i0.wp.com\/pfadfinder-kuppenheim.de\/wp-content\/uploads\/2025\/01\/IMG_3187-1-scaled.jpeg?resize=2048%2C1536&amp;ssl=1 2048w, https:\/\/i0.wp.com\/pfadfinder-kuppenheim.de\/wp-content\/uploads\/2025\/01\/IMG_3187-1-scaled.jpeg?w=2400&amp;ssl=1 2400w\" sizes=\"auto, (max-width: 1024px) 100vw, 1024px\" \/><\/figure>\n<\/div>\n\n\n<p class=\"has-background\" style=\"background-color:#8df5ff\"><strong>Das Leitungsteam der Biber<\/strong><\/p>\n\n\n\n<figure class=\"wp-block-gallery has-nested-images columns-default is-cropped wp-block-gallery-1 is-layout-flex wp-block-gallery-is-layout-flex\">\n<figure class=\"wp-block-image size-large\"><img data-recalc-dims=\"1\" loading=\"lazy\" decoding=\"async\" width=\"724\" height=\"1024\" data-id=\"10351\" src=\"https:\/\/i0.wp.com\/pfadfinder-kuppenheim.de\/wp-content\/uploads\/2023\/01\/92940c54-a1da-47f1-8e72-4d27a55e969f_rw_1920-2.jpg?resize=724%2C1024&#038;ssl=1\" alt=\"\" class=\"wp-image-10351\" srcset=\"https:\/\/i0.wp.com\/pfadfinder-kuppenheim.de\/wp-content\/uploads\/2023\/01\/92940c54-a1da-47f1-8e72-4d27a55e969f_rw_1920-2-scaled.jpg?resize=724%2C1024&amp;ssl=1 724w, https:\/\/i0.wp.com\/pfadfinder-kuppenheim.de\/wp-content\/uploads\/2023\/01\/92940c54-a1da-47f1-8e72-4d27a55e969f_rw_1920-2-scaled.jpg?resize=212%2C300&amp;ssl=1 212w, https:\/\/i0.wp.com\/pfadfinder-kuppenheim.de\/wp-content\/uploads\/2023\/01\/92940c54-a1da-47f1-8e72-4d27a55e969f_rw_1920-2-scaled.jpg?resize=768%2C1086&amp;ssl=1 768w, https:\/\/i0.wp.com\/pfadfinder-kuppenheim.de\/wp-content\/uploads\/2023\/01\/92940c54-a1da-47f1-8e72-4d27a55e969f_rw_1920-2-scaled.jpg?resize=1086%2C1536&amp;ssl=1 1086w, https:\/\/i0.wp.com\/pfadfinder-kuppenheim.de\/wp-content\/uploads\/2023\/01\/92940c54-a1da-47f1-8e72-4d27a55e969f_rw_1920-2-scaled.jpg?resize=1448%2C2048&amp;ssl=1 1448w, https:\/\/i0.wp.com\/pfadfinder-kuppenheim.de\/wp-content\/uploads\/2023\/01\/92940c54-a1da-47f1-8e72-4d27a55e969f_rw_1920-2-scaled.jpg?w=1810&amp;ssl=1 1810w\" sizes=\"auto, (max-width: 724px) 100vw, 724px\" \/><\/figure>\n\n\n\n<figure class=\"wp-block-image size-large\"><img data-recalc-dims=\"1\" loading=\"lazy\" decoding=\"async\" width=\"724\" height=\"1024\" data-id=\"10351\" src=\"https:\/\/i0.wp.com\/pfadfinder-kuppenheim.de\/wp-content\/uploads\/2023\/01\/92940c54-a1da-47f1-8e72-4d27a55e969f_rw_1920-2.jpg?resize=724%2C1024&#038;ssl=1\" alt=\"\" class=\"wp-image-10351\" srcset=\"https:\/\/i0.wp.com\/pfadfinder-kuppenheim.de\/wp-content\/uploads\/2023\/01\/92940c54-a1da-47f1-8e72-4d27a55e969f_rw_1920-2-scaled.jpg?resize=724%2C1024&amp;ssl=1 724w, https:\/\/i0.wp.com\/pfadfinder-kuppenheim.de\/wp-content\/uploads\/2023\/01\/92940c54-a1da-47f1-8e72-4d27a55e969f_rw_1920-2-scaled.jpg?resize=212%2C300&amp;ssl=1 212w, https:\/\/i0.wp.com\/pfadfinder-kuppenheim.de\/wp-content\/uploads\/2023\/01\/92940c54-a1da-47f1-8e72-4d27a55e969f_rw_1920-2-scaled.jpg?resize=768%2C1086&amp;ssl=1 768w, https:\/\/i0.wp.com\/pfadfinder-kuppenheim.de\/wp-content\/uploads\/2023\/01\/92940c54-a1da-47f1-8e72-4d27a55e969f_rw_1920-2-scaled.jpg?resize=1086%2C1536&amp;ssl=1 1086w, https:\/\/i0.wp.com\/pfadfinder-kuppenheim.de\/wp-content\/uploads\/2023\/01\/92940c54-a1da-47f1-8e72-4d27a55e969f_rw_1920-2-scaled.jpg?resize=1448%2C2048&amp;ssl=1 1448w, https:\/\/i0.wp.com\/pfadfinder-kuppenheim.de\/wp-content\/uploads\/2023\/01\/92940c54-a1da-47f1-8e72-4d27a55e969f_rw_1920-2-scaled.jpg?w=1810&amp;ssl=1 1810w\" sizes=\"auto, (max-width: 724px) 100vw, 724px\" \/><\/figure>\n\n\n\n<figure class=\"wp-block-image size-large is-style-default\"><img data-recalc-dims=\"1\" loading=\"lazy\" decoding=\"async\" width=\"724\" height=\"1024\" data-id=\"10349\" src=\"https:\/\/i0.wp.com\/pfadfinder-kuppenheim.de\/wp-content\/uploads\/2023\/01\/92940c54-a1da-47f1-8e72-4d27a55e969f_rw_1920.jpg?resize=724%2C1024&#038;ssl=1\" alt=\"\" class=\"wp-image-10349\" srcset=\"https:\/\/i0.wp.com\/pfadfinder-kuppenheim.de\/wp-content\/uploads\/2023\/01\/92940c54-a1da-47f1-8e72-4d27a55e969f_rw_1920-scaled.jpg?resize=724%2C1024&amp;ssl=1 724w, https:\/\/i0.wp.com\/pfadfinder-kuppenheim.de\/wp-content\/uploads\/2023\/01\/92940c54-a1da-47f1-8e72-4d27a55e969f_rw_1920-scaled.jpg?resize=212%2C300&amp;ssl=1 212w, https:\/\/i0.wp.com\/pfadfinder-kuppenheim.de\/wp-content\/uploads\/2023\/01\/92940c54-a1da-47f1-8e72-4d27a55e969f_rw_1920-scaled.jpg?resize=768%2C1086&amp;ssl=1 768w, https:\/\/i0.wp.com\/pfadfinder-kuppenheim.de\/wp-content\/uploads\/2023\/01\/92940c54-a1da-47f1-8e72-4d27a55e969f_rw_1920-scaled.jpg?resize=1086%2C1536&amp;ssl=1 1086w, https:\/\/i0.wp.com\/pfadfinder-kuppenheim.de\/wp-content\/uploads\/2023\/01\/92940c54-a1da-47f1-8e72-4d27a55e969f_rw_1920-scaled.jpg?resize=1448%2C2048&amp;ssl=1 1448w, https:\/\/i0.wp.com\/pfadfinder-kuppenheim.de\/wp-content\/uploads\/2023\/01\/92940c54-a1da-47f1-8e72-4d27a55e969f_rw_1920-scaled.jpg?w=1810&amp;ssl=1 1810w\" sizes=\"auto, (max-width: 724px) 100vw, 724px\" \/><\/figure>\n<\/figure>\n\n\n\n<p>Unsere Biber werden von Marisa, Paddie, Matthias und Nicolas geleitet.  Alle vier waren schon selbst als Kinder bei uns aktiv, weshalb es ihnen eine gro\u00dfe Freude bereitet, sich um unsere Kleinsten k\u00fcmmern zu d\u00fcrfen. <\/p>\n\n\n\n<p class=\"has-background\" style=\"background-color:#8df5ff\"><strong>Dein Kind m\u00f6chte Biber werden? <\/strong><\/p>\n\n\n\n<p>Unsere Bibergruppe trifft sich regelm\u00e4\u00dfig dienstags von 16:30 Uhr bis 17:30 Uhr in unserem Gruppenraum.  Bei Interesse und Fragen kannst du dich gerne hier melden: <a href=\"mailto:biber@pfadfinder-kuppenheim.de\">biber@pfadfinder-kuppenheim.de<\/a>.<\/p>\n","protected":false},"excerpt":{"rendered":"<p>Noch wurden keine Biber in Kuppenheim gesichtet, aber wir arbeiten daran, dass es im W\u00f6rtelwald schon bald ein paar Biber gibt.Nur meinen wir nicht die kleinen,&nbsp;pelzigen&nbsp;Architekten der Natur. Wir Pfadfinder planen im Laufe des Fr\u00fchjahrs mit einer neuen Gruppe Pfadfinder zu beginnen. Die Biber werden die Kleinsten in unserem Stamm werden und noch ein wenig&hellip;&nbsp;<a href=\"https:\/\/pfadfinder-kuppenheim.de\/?page_id=10348\" class=\"\" rel=\"bookmark\">Weiterlesen &raquo;<span class=\"screen-reader-text\">Biber<\/span><\/a><\/p>\n","protected":false},"author":1,"featured_media":0,"parent":0,"menu_order":0,"comment_status":"closed","ping_status":"closed","template":"","meta":{"neve_meta_sidebar":"","neve_meta_container":"","neve_meta_enable_content_width":"","neve_meta_content_width":0,"neve_meta_title_alignment":"","neve_meta_author_avatar":"","neve_post_elements_order":"","neve_meta_disable_header":"","neve_meta_disable_footer":"","neve_meta_disable_title":"","jetpack_post_was_ever_published":false,"footnotes":""},"class_list":["post-10348","page","type-page","status-publish","hentry"],"jetpack_sharing_enabled":true,"jetpack_shortlink":"https:\/\/wp.me\/P3G0PZ-2GU","_links":{"self":[{"href":"https:\/\/pfadfinder-kuppenheim.de\/index.php?rest_route=\/wp\/v2\/pages\/10348","targetHints":{"allow":["GET"]}}],"collection":[{"href":"https:\/\/pfadfinder-kuppenheim.de\/index.php?rest_route=\/wp\/v2\/pages"}],"about":[{"href":"https:\/\/pfadfinder-kuppenheim.de\/index.php?rest_route=\/wp\/v2\/types\/page"}],"author":[{"embeddable":true,"href":"https:\/\/pfadfinder-kuppenheim.de\/index.php?rest_route=\/wp\/v2\/users\/1"}],"replies":[{"embeddable":true,"href":"https:\/\/pfadfinder-kuppenheim.de\/index.php?rest_route=%2Fwp%2Fv2%2Fcomments&post=10348"}],"version-history":[{"count":11,"href":"https:\/\/pfadfinder-kuppenheim.de\/index.php?rest_route=\/wp\/v2\/pages\/10348\/revisions"}],"predecessor-version":[{"id":15036,"href":"https:\/\/pfadfinder-kuppenheim.de\/index.php?rest_route=\/wp\/v2\/pages\/10348\/revisions\/15036"}],"wp:attachment":[{"href":"https:\/\/pfadfinder-kuppenheim.de\/index.php?rest_route=%2Fwp%2Fv2%2Fmedia&parent=10348"}],"curies":[{"name":"wp","href":"https:\/\/api.w.org\/{rel}","templated":true}]}}

<div class="wp-block-cover alignfull"><span aria-hidden="true" class="wp-block-cover__background has-background-dim-10 has-background-dim"></span><img data-recalc-dims="1" loading="lazy" decoding="async" width="1200" height="471" class="wp-block-cover__image-background wp-image-10473" alt="" src="https://i0.wp.com/pfadfinder-kuppenheim.de/wp-content/uploads/2023/01/Biber-Background-scaled.jpg?resize=1200%2C471&#038;ssl=1" data-object-fit="cover" srcset="https://i0.wp.com/pfadfinder-kuppenheim.de/wp-content/uploads/2023/01/Biber-Background-scaled.jpg?w=2560&amp;ssl=1 2560w, https://i0.wp.com/pfadfinder-kuppenheim.de/wp-content/uploads/2023/01/Biber-Background-scaled.jpg?resize=300%2C118&amp;ssl=1 300w, https://i0.wp.com/pfadfinder-kuppenheim.de/wp-content/uploads/2023/01/Biber-Background-scaled.jpg?resize=1024%2C402&amp;ssl=1 1024w, https://i0.wp.com/pfadfinder-kuppenheim.de/wp-content/uploads/2023/01/Biber-Background-scaled.jpg?resize=768%2C301&amp;ssl=1 768w, https://i0.wp.com/pfadfinder-kuppenheim.de/wp-content/uploads/2023/01/Biber-Background-scaled.jpg?resize=1536%2C602&amp;ssl=1 1536w, https://i0.wp.com/pfadfinder-kuppenheim.de/wp-content/uploads/2023/01/Biber-Background-scaled.jpg?resize=2048%2C803&amp;ssl=1 2048w, https://i0.wp.com/pfadfinder-kuppenheim.de/wp-content/uploads/2023/01/Biber-Background-scaled.jpg?w=2400&amp;ssl=1 2400w" sizes="auto, (max-width: 1200px) 100vw, 1200px" /><div class="wp-block-cover__inner-container is-layout-flow wp-block-cover-is-layout-flow">
<h1 class="wp-block-heading has-text-align-center" style="font-size:100px">BIBER</h1>
</div></div>



<hr class="wp-block-separator has-alpha-channel-opacity is-style-wide"/>



<p>Noch wurden keine Biber in Kuppenheim gesichtet, aber wir arbeiten daran, dass es im Wörtelwald schon bald ein paar Biber gibt.<br>Nur meinen wir nicht die kleinen,&nbsp;pelzigen&nbsp;Architekten der Natur. Wir Pfadfinder planen im Laufe des Frühjahrs mit einer neuen Gruppe Pfadfinder zu beginnen. Die Biber werden die Kleinsten in unserem Stamm werden und noch ein wenig jünger sein als unsere Wölflinge.</p>



<p>Wenn du also noch im Kindergarten bist, aber dieses Jahr noch in die Schule kommst, bist du genau im richtigen Alter. Wenn du Lust hast, draußen im Wald zu sein, mit anderen Kindern zu spielen und basteln, zu lernen wie man eine Wurst auf dem Feuer grillt und noch vieles mehr, dann melde dich schnell unter&nbsp;<a rel="noreferrer noopener" href="mailto:biber@pfadfinder-kuppenheim.de" target="_blank">biber@pfadfinder-kuppenheim.de</a></p>



<hr class="wp-block-separator has-alpha-channel-opacity is-style-wide"/>



<p class="has-background" style="background-color:#8df5ff"><strong>Was machen Biber eigentlich?</strong></p>



<p>Ab dem Alter von fünf Jahren können Kinder bei uns in der Bibergruppe pfadfinderisch aktiv werden und lernen so schon früh das Abenteuer Pfadfinden kennen und können neue Freundschaften schließen.</p>



<p class="has-text-align-left">In den Gruppenstunden wird gemeinsam gespielt, gesungen, gelacht, Lagerfeuer mit Stockbrot gemacht, Knoten gebunden und gebastelt. Biber fahren zwar noch nicht auf&#8217;s Sommerlager, nehmen aber an anderen Stammesaktionen als Teil unserer Gemeinschaft teil.</p>


<div class="wp-block-image">
<figure class="aligncenter size-large"><img data-recalc-dims="1" loading="lazy" decoding="async" width="1024" height="768" src="https://i0.wp.com/pfadfinder-kuppenheim.de/wp-content/uploads/2025/01/IMG_3187-1.jpeg?resize=1024%2C768&#038;ssl=1" alt="" class="wp-image-15034" srcset="https://i0.wp.com/pfadfinder-kuppenheim.de/wp-content/uploads/2025/01/IMG_3187-1-scaled.jpeg?resize=1024%2C768&amp;ssl=1 1024w, https://i0.wp.com/pfadfinder-kuppenheim.de/wp-content/uploads/2025/01/IMG_3187-1-scaled.jpeg?resize=300%2C225&amp;ssl=1 300w, https://i0.wp.com/pfadfinder-kuppenheim.de/wp-content/uploads/2025/01/IMG_3187-1-scaled.jpeg?resize=768%2C576&amp;ssl=1 768w, https://i0.wp.com/pfadfinder-kuppenheim.de/wp-content/uploads/2025/01/IMG_3187-1-scaled.jpeg?resize=1536%2C1152&amp;ssl=1 1536w, https://i0.wp.com/pfadfinder-kuppenheim.de/wp-content/uploads/2025/01/IMG_3187-1-scaled.jpeg?resize=2048%2C1536&amp;ssl=1 2048w, https://i0.wp.com/pfadfinder-kuppenheim.de/wp-content/uploads/2025/01/IMG_3187-1-scaled.jpeg?w=2400&amp;ssl=1 2400w" sizes="auto, (max-width: 1024px) 100vw, 1024px" /></figure>
</div>


<p class="has-background" style="background-color:#8df5ff"><strong>Das Leitungsteam der Biber</strong></p>



<figure class="wp-block-gallery has-nested-images columns-default is-cropped wp-block-gallery-1 is-layout-flex wp-block-gallery-is-layout-flex">
<figure class="wp-block-image size-large"><img data-recalc-dims="1" loading="lazy" decoding="async" width="724" height="1024" data-id="10351" src="https://i0.wp.com/pfadfinder-kuppenheim.de/wp-content/uploads/2023/01/92940c54-a1da-47f1-8e72-4d27a55e969f_rw_1920-2.jpg?resize=724%2C1024&#038;ssl=1" alt="" class="wp-image-10351" srcset="https://i0.wp.com/pfadfinder-kuppenheim.de/wp-content/uploads/2023/01/92940c54-a1da-47f1-8e72-4d27a55e969f_rw_1920-2-scaled.jpg?resize=724%2C1024&amp;ssl=1 724w, https://i0.wp.com/pfadfinder-kuppenheim.de/wp-content/uploads/2023/01/92940c54-a1da-47f1-8e72-4d27a55e969f_rw_1920-2-scaled.jpg?resize=212%2C300&amp;ssl=1 212w, https://i0.wp.com/pfadfinder-kuppenheim.de/wp-content/uploads/2023/01/92940c54-a1da-47f1-8e72-4d27a55e969f_rw_1920-2-scaled.jpg?resize=768%2C1086&amp;ssl=1 768w, https://i0.wp.com/pfadfinder-kuppenheim.de/wp-content/uploads/2023/01/92940c54-a1da-47f1-8e72-4d27a55e969f_rw_1920-2-scaled.jpg?resize=1086%2C1536&amp;ssl=1 1086w, https://i0.wp.com/pfadfinder-kuppenheim.de/wp-content/uploads/2023/01/92940c54-a1da-47f1-8e72-4d27a55e969f_rw_1920-2-scaled.jpg?resize=1448%2C2048&amp;ssl=1 1448w, https://i0.wp.com/pfadfinder-kuppenheim.de/wp-content/uploads/2023/01/92940c54-a1da-47f1-8e72-4d27a55e969f_rw_1920-2-scaled.jpg?w=1810&amp;ssl=1 1810w" sizes="auto, (max-width: 724px) 100vw, 724px" /></figure>



<figure class="wp-block-image size-large"><img data-recalc-dims="1" loading="lazy" decoding="async" width="724" height="1024" data-id="10351" src="https://i0.wp.com/pfadfinder-kuppenheim.de/wp-content/uploads/2023/01/92940c54-a1da-47f1-8e72-4d27a55e969f_rw_1920-2.jpg?resize=724%2C1024&#038;ssl=1" alt="" class="wp-image-10351" srcset="https://i0.wp.com/pfadfinder-kuppenheim.de/wp-content/uploads/2023/01/92940c54-a1da-47f1-8e72-4d27a55e969f_rw_1920-2-scaled.jpg?resize=724%2C1024&amp;ssl=1 724w, https://i0.wp.com/pfadfinder-kuppenheim.de/wp-content/uploads/2023/01/92940c54-a1da-47f1-8e72-4d27a55e969f_rw_1920-2-scaled.jpg?resize=212%2C300&amp;ssl=1 212w, https://i0.wp.com/pfadfinder-kuppenheim.de/wp-content/uploads/2023/01/92940c54-a1da-47f1-8e72-4d27a55e969f_rw_1920-2-scaled.jpg?resize=768%2C1086&amp;ssl=1 768w, https://i0.wp.com/pfadfinder-kuppenheim.de/wp-content/uploads/2023/01/92940c54-a1da-47f1-8e72-4d27a55e969f_rw_1920-2-scaled.jpg?resize=1086%2C1536&amp;ssl=1 1086w, https://i0.wp.com/pfadfinder-kuppenheim.de/wp-content/uploads/2023/01/92940c54-a1da-47f1-8e72-4d27a55e969f_rw_1920-2-scaled.jpg?resize=1448%2C2048&amp;ssl=1 1448w, https://i0.wp.com/pfadfinder-kuppenheim.de/wp-content/uploads/2023/01/92940c54-a1da-47f1-8e72-4d27a55e969f_rw_1920-2-scaled.jpg?w=1810&amp;ssl=1 1810w" sizes="auto, (max-width: 724px) 100vw, 724px" /></figure>



<figure class="wp-block-image size-large is-style-default"><img data-recalc-dims="1" loading="lazy" decoding="async" width="724" height="1024" data-id="10349" src="https://i0.wp.com/pfadfinder-kuppenheim.de/wp-content/uploads/2023/01/92940c54-a1da-47f1-8e72-4d27a55e969f_rw_1920.jpg?resize=724%2C1024&#038;ssl=1" alt="" class="wp-image-10349" srcset="https://i0.wp.com/pfadfinder-kuppenheim.de/wp-content/uploads/2023/01/92940c54-a1da-47f1-8e72-4d27a55e969f_rw_1920-scaled.jpg?resize=724%2C1024&amp;ssl=1 724w, https://i0.wp.com/pfadfinder-kuppenheim.de/wp-content/uploads/2023/01/92940c54-a1da-47f1-8e72-4d27a55e969f_rw_1920-scaled.jpg?resize=212%2C300&amp;ssl=1 212w, https://i0.wp.com/pfadfinder-kuppenheim.de/wp-content/uploads/2023/01/92940c54-a1da-47f1-8e72-4d27a55e969f_rw_1920-scaled.jpg?resize=768%2C1086&amp;ssl=1 768w, https://i0.wp.com/pfadfinder-kuppenheim.de/wp-content/uploads/2023/01/92940c54-a1da-47f1-8e72-4d27a55e969f_rw_1920-scaled.jpg?resize=1086%2C1536&amp;ssl=1 1086w, https://i0.wp.com/pfadfinder-kuppenheim.de/wp-content/uploads/2023/01/92940c54-a1da-47f1-8e72-4d27a55e969f_rw_1920-scaled.jpg?resize=1448%2C2048&amp;ssl=1 1448w, https://i0.wp.com/pfadfinder-kuppenheim.de/wp-content/uploads/2023/01/92940c54-a1da-47f1-8e72-4d27a55e969f_rw_1920-scaled.jpg?w=1810&amp;ssl=1 1810w" sizes="auto, (max-width: 724px) 100vw, 724px" /></figure>
</figure>



<p>Unsere Biber werden von Marisa, Paddie, Matthias und Nicolas geleitet.  Alle vier waren schon selbst als Kinder bei uns aktiv, weshalb es ihnen eine große Freude bereitet, sich um unsere Kleinsten kümmern zu dürfen. </p>



<p class="has-background" style="background-color:#8df5ff"><strong>Dein Kind möchte Biber werden? </strong></p>



<p>Unsere Bibergruppe trifft sich regelmäßig dienstags von 16:30 Uhr bis 17:30 Uhr in unserem Gruppenraum.  Bei Interesse und Fragen kannst du dich gerne hier melden: <a href="mailto:biber@pfadfinder-kuppenheim.de">biber@pfadfinder-kuppenheim.de</a>.</p>

<p>Noch wurden keine Biber in Kuppenheim gesichtet, aber wir arbeiten daran, dass es im Wörtelwald schon bald ein paar Biber gibt.Nur meinen wir nicht die kleinen,&nbsp;pelzigen&nbsp;Architekten der Natur. Wir Pfadfinder planen im Laufe des Frühjahrs mit einer neuen Gruppe Pfadfinder zu beginnen. Die Biber werden die Kleinsten in unserem Stamm werden und noch ein wenig&hellip;&nbsp;<a href="https://pfadfinder-kuppenheim.de/?page_id=10348" class="" rel="bookmark">Weiterlesen &raquo;<span class="screen-reader-text">Biber</span></a></p>
